 - 5*c. Give r(f).
12
Let u(d) = 8*d**3 + 13*d**2 - 5*d - 2. Let r(y) = 9*y**3 + 9*y**2 - 4*y - 1. Let p(t) = 3*r(t) - 2*u(t). Determine p(1).
11
Let k(z) = 0*z**2 - z**3 - 8*z**2 + 68*z - 77*z. Calculate k(-7).
14
Suppose -7*y + 3*y - 10 = -5*t, 25 = -3*y - 5*t. Let s(c) = -3*c - 6. Calculate s(y).
9
Let h(l) = 4 - 2*l - 2 - 1 + 4. What is h(5)?
-5
Let t be (-2)/25*-5 - (-10)/(-25). Suppose -2*g = 3*q - 14, -2*q - 16 = -5*g - t*q. Let n(o) = -2*o - 1. Determine n(g).
-9
Let p(r) = -r**2 - 6*r + 8. Let w(x) = -3*x**2 - 18*x + 23. Let k(g) = 8*p(g) - 3*w(g). Determine k(-6).
-5
Let i(w) = 12*w - 12. Let r(m) = -5*m + 6. Let f(x) = -3*i(x) - 7*r(x). What is f(-11)?
5
Let f(c) = 5*c**2 + 15*c + 8. Let b be 4/(-6) + (-7)/3. Let i(q) = -2*q**2 - 7*q - 4. Let n(w) = b*f(w) - 7*i(w). Determine n(5).
-1
Let n(b) = b**3 + 3*b**2 - 11*b - 5. Let m be n(-5). Suppose m = 8*s - 4*s + 16. Let y(k) = -2 + k + 1 + k**2 - 1. What is y(s)?
10
Suppose 2*h - 5 = 3*h. Let j(y) = 153 + 5*y**2 + 4*y + 0*y + 153 + y**3 - 300. Determine j(h).
-14
Let b(h) be the third derivative of 14*h**2 + 0*h + 0 - 2/3*h**3 + 1/6*h**4. Let a be 2/(-3*4/(-18)). Calculate b(a).
8
Let n(w) = -6*w**3 - 12*w**2 - 12*w - 2. Suppose -4*k - 3*k = 28. Let m(g) = -5*g**3 - 11*g**2 - 11*g - 2. Let y(u) = k*n(u) + 5*m(u). Determine y(-6).
4
Let d(u) be the second derivative of u**4/12 - 4*u**3/3 - 35*u**2/2 - 170*u. Determine d(11).
-2
Let k(g) = -g - 11. Let j(u) = 4. Let s(o) = -3*j(o) - k(o). Give s(0).
-1
Suppose -6 = 6*q - 0*q. Let z(v) = 39*v**3 - 11*v**2 + 11*v + 11. Let n(y) = -13*y**3 + 4*y**2 - 4*y - 4. Let i(r) = -8*n(r) - 3*z(r). Calculate i(q).
14
Suppose 0 = -4*f - x - 22, 2*f + 5*x + 22 - 2 = 0. Let u(d) be the third derivative of -d**4/24 - d**3/6 - 4*d**2. Give u(f).
4
Let z(q) = -2*q + 4*q - 6 - 5*q - 3*q. Let v be ((-4)/5)/(2/10). Determine z(v).
18
Suppose -2*n + 2 + 4 = 0. Let k(o) = o**3 + 136*o - 3*o**2 - 140*o - 2 + n. Calculate k(4).
1
Let i(n) = 8*n**3 + 2*n**2 - n. Let c(s) = 2 - s - s + s**3 - 3. Let h be c(2). Let q = h - 2. Calculate i(q).
9
Let s(m) = 7 - 49*m + 49*m - 2*m**2 + 11*m**3. Let q(d) = 34*d**3 - 6*d**2 + 20. Let a(z) = 6*q(z) - 17*s(z). What is a(1)?
16
Suppose -2*l + 3*m + 16 = -m, 3*m - 15 = -3*l. Let n(o) = 4 - 83*o**3 - 3 - 5*o**2 - 6*o + 84*o**3. Give n(l).
1
Suppose 0 = -3*k - 6, -4*n - 12 = 3*k + k. Let y(p) = -4*p**2 + 3*p + 1. Let d(b) = -b**2 + b. Let q(u) = 2*d(u) - y(u). Determine q(n).
2
Suppose -16 = 4*a - 28. Let s(u) = 4*u**a - 8 - u**3 + 5 + 4. Suppose 4 = x + 3*x. Determine s(x).
4
Let y(m) = -2*m**2 + 3*m**2 - 11*m**3 + 0*m**2 + 0*m**2 - 3 - m. Let s(r) = -r**2 + 1. Let v = -2 - -1. Let z(a) = v*y(a) - 3*s(a). Give z(-1).
-10
Suppose f + 1322 = -2*y, -5*y + 3*y = 3*f + 3974. Let m = -942 - f. Let l(t) = 1 + 386*t - m*t - t**3 - 7*t**3. Give l(-1).
7
Let w be (-8)/(7 + -3) + 1. Let u = w + 3. Let a(l) = 3 + 1 + 5*l**2 + 3*l**3 - u*l**3. Determine a(-5).
4
Let h(f) = -2*f - 1. Let n be h(-1). Let t be n/2 - (-30)/4. Suppose -3*v + t = v. Let s(l) = -3*l**2 + 3*l - 2. What is s(v)?
-8
Let g(u) be the third derivative of u**4/24 - u**3/6 + 63*u**2. Give g(-10).
-11
Suppose -g = -3, 5*n + 35 - 10 = 5*g. Let i(o) = o**2 + 2*o - 4. Determine i(n).
-4
Let m be 0 + 0/((-2)/(-2)). Let l(f) = 0*f + f + m*f. Let p be ((-3)/7)/(14/98). Determine l(p).
-3
Let l(f) = 2*f**3 + 6*f**2 + 5*f + 2. Let h be l(-2). Let s(k) = -k + 9. Calculate s(h).
9
Let z(p) be the third derivative of -p**7/2520 + p**6/144 + p**5/20 - 19*p**4/24 + p**2. Let a(j) be the second derivative of z(j). Determine a(7).
-8
Let c(k) = -k**2 + 2*k + 4. Let v(p) = p**2 + 6*p. Let n be v(-8). Let m = n - 13. Determine c(m).
1
Let r = -8 + 9. Let k(a) = 36*a + 31*a + 27*a - 91*a. Determine k(r).
3
Let h(x) = -x + 5. Let a be ((-5)/2)/(14/(-28)). Suppose -4*u + 2*m + 22 = 0, 3*u - 3 - 7 = -a*m. What is h(u)?
0
Let o(j) = -j**2 - 7*j + 6. Let f(w) = -2*w**2 + 8*w - 16. Let h be f(2). Give o(h).
-2
Suppose -1 = 13*k - 14*k. Let g(z) be the first derivative of -11*z**7/840 + z**6/360 + z**3 - 1. Let p(v) be the third derivative of g(v). Give p(k).
-10
Suppose -89 + 79 = -2*v. Suppose 2*g = 5*g - q - 1, 3*g = 4*q - 14. Let w(f) = -1 - 2*f + 5*f - f**g + 2*f. Calculate w(v).
-1
Let a = -31 + 37. Suppose -a*p = -p - 10. Let k(l) = 3*l - 1. Let z(x) = x**2 + 3*x - 1. Let u(y) = 3*k(y) - 2*z(y). Determine u(p).
-3
Let c(m) = 2*m**2 + 9*m + 2. Let i(v) = -v**2 - 8*v - 2. Let z(j) = -2*c(j) - 3*i(j). Let b = 2 - -5. Give z(b).
-5
Let t = -2 - -1. Let i(n) = -n**2 - n. Let h(m) = m + 2. Let c(l) = -5*l**2 - 3*l + 5. Let k(o) = c(o) - 3*h(o). Let v(z) = t*k(z) + 6*i(z). Determine v(-1).
0
Let u(k) be the second derivative of -k**4/12 + 3*k**3/2 - 7*k**2/2 + 174*k. What is u(5)?
13
Suppose 4*n - 8*n + 36 = 0. Let v = n + -13. Let i(y) = -y**3 - y**2 - y. Let l(t) = -2*t**3 - 6*t**2 - 4*t + 4. Let c(g) = -i(g) + l(g). Calculate c(v).
0
Let j = -13 - -9. Let m(n) be the second derivative of n**5/20 + n**4/4 + 3121*n. What is m(j)?
-16
Suppose -24 = 5*n - 3*q, 5*n + q + 14 - 2 = 0. Let s(g) = -g**3 - g**2 - 2*g + 3. What is s(n)?
27
Let q(o) be the first derivative of -o**6/90 + o**5/60 + o**4/24 + 11*o**3/3 + 10. Let y(u) be the third derivative of q(u). Let k = 10 - 8. Determine y(k).
-11
Let l(b) = -8*b - 1. Let o(y) = y**2 + y - 19. Let w(g) = -g**2 + 18. Let n(q) = 4*o(q) + 3*w(q). Let u be n(-7). What is l(u)?
7
Let d be (52/(-39))/(2/(-3)). Suppose d*f - 6*f + 16 = 0. Suppose f = -5*s + 3*s. Let g(v) = 2*v + 2. Calculate g(s).
-2
Suppose -23 = 5*b + 2*a, -1 = -b - 0*b + a. Let r(v) = v**3 + 4*v**2 + 2*v + 3. Give r(b).
6
Let a(o) be the first derivative of o**3/3 + o**2/2 - 5*o - 2. Suppose 20 = 5*n - 4*l, 5 = -2*l - 5. Calculate a(n).
-5
Let b be (-88)/(-14) + 4/(-14). Let j(v) = -5*v**2 + 6*v + 2*v**2 - 21 + 39 + 2*v**2 - 19. What is j(b)?
-1
Let k(d) = -d + 4. Let a be 1 + -1 + 0 + 4/4. Let f be (-9)/(-6)*a - (-9)/6. Give k(f).
1
Let j(k) be the second derivative of k**5/20 - 11*k**4/12 + 11*k**3/6 - k**2 + 4*k + 6. Determine j(10).
8
Let o = 2 - 2. Let c be -1*6*(1 + o). Let l = 4 + c. Let d(m) = 4*m + 3. Calculate d(l).
-5
Let o(b) = 1 + 164*b + b**3 + 5 - 78*b - 93*b. What is o(4)?
42
Let l(v) = 15*v**3 + v**2. Suppose -3*j = -0*j - 42. Let y(c) = -c**2 + 16*c - 21. Let s be y(j). Suppose f - 6 = s*f. Determine l(f).
-14
Let h(p) = p**3 - 7*p**2 + 2*p - 6. Let s be h(7). Let d(j) = 24*j + 4 + j**3 - 5*j - 6*j + 7*j**2 - s*j. Give d(-6).
10
Let v(i) = -i**3 + 6*i**2 + 7*i + 5. Let k be (-4)/(1 - -7)*-10. Suppose -4*s - 3 = 1, k*x - 38 = 3*s. Let d be v(x). Let p(h) = h + 1. Determine p(d).
6
Suppose 0 = -3*h + 6*h. Let n be 2*(-1 + 1 + 1). Let v(p) = -p**2 + p**n + 0*p**2 - p**2. Calculate v(h).
0
Let u(k) = 6*k**3 - 2*k**2 - 6*k + 1. Let l(b) = -7*b**3 + 2*b**2 + 7*b - 1. Let y(p) = -5*l(p) - 6*u(p). Suppose 1829*n = 1820*n + 18. What is y(n)?
1
Let x(i) be the second derivative of i**5/20 + i**4/4 - 7*i**3/6 - 5*i**2/2 - 8*i - 32. Let g = 7 - 11. Give x(g).
7
Suppose -25 = -12*u + 7*u. Let m(j) be the second derivative of -j**3/6 + 4*j**2 - 9*j. Determine m(u).
3
Suppose 3*a + 2*a + 3*p = 32, 4*a + 5*p - 36 = 0. Let f(l) = 1 + 1 + a*l - l - 2*l. What is f(-3)?
-1
Suppose -a = 4*a - 2*s - 46, -34 = -3*a - 2*s. Let q be (-6)/a - (-78)/30. Let x(y) = -y**q - 4 + 6 + 5*y - 9*y. What is x(-5)?
-3
Let h(l) = l**3 - l - 2. Let q(v) = -3*v**3 + 8*v**2 + v + 10. Let g(r) = 2*h(r) + q(r). Determine g(8).
-2
Let j be 2/8 + 22/8. Suppose -8 = j*x - 4*x. Let b(f) = -x*f + 11*f + 7*f**3 - 4*f. Give b(-1).
-6
Suppose -2*t + 30 = 3*l, 3*l - 7*l + 35 = t. Let x(i) = -i**3 + 8*i**2 - i - 3. Give x(l).
-11
Let a(k) = k**2 - 7. Suppose 2*n - 6*n - 20 = 0. Calculate a(n).
18
Let d(p) = 2*p - 8. Let a(n) = 2*n - 18. Let x be a(11). Let z be d(x). Let g(q) = -3 - 1 - q + 1 + z*q. Determine g(4).
-7
Suppose -444*k = -442*k + 12. Let n(d) = d + 11. What is n(k)?
5
Let w(i) = 12*i + 49. Let s(d) = -12*d**3 - 216*d**2 - d - 22. Let g be s(-18). Determine w(g).
1
Let j(z) = 3*z**2 - 2*z + 1. Let k be j(1). Suppose -k*l + 4*c = 18, 4*l + c + 10 = -8. Let h(u) = u**2 + 71301*u - 71296*u - 6 + 0*u**2. What is h(l)?
-6
Let c(y) = 6*y - 2. Let g(v) = -13*v + 5. Let f(d) = 7*c(d) + 3*g(d). Let a be (42/(-15))/(5/